 of 5691.
3, 7, 271
List the prime factors of 3356.
2, 839
List the prime factors of 4889.
4889
List the prime factors of 22948.
2, 5737
What are the prime factors of 15885?
3, 5, 353
What are the prime factors of 1130?
2, 5, 113
What are the prime factors of 703?
19, 37
What are the prime factors of 21394?
2, 19, 563
List the prime factors of 22896.
2, 3, 53
List the prime factors of 4161.
3, 19, 73
What are the prime factors of 1162?
2, 7, 83
What are the prime factors of 1709?
1709
What are the prime factors of 1240?
2, 5, 31
What are the prime factors of 6523?
11, 593
List the prime factors of 11911.
43, 277
List the prime factors of 38462.
2, 19231
List the prime factors of 34516.
2, 8629
What are the prime factors of 455?
5, 7, 13
List the prime factors of 30137.
30137
What are the prime factors of 1217?
1217
List the prime factors of 2536.
2, 317
List the prime factors of 143018.
2, 43, 1663
What are the prime factors of 2052?
2, 3, 19
What are the prime factors of 146?
2, 73
List the prime factors of 58472.
2, 7309
List the prime factors of 930.
2, 3, 5, 31
List the prime factors of 458.
2, 229
List the prime factors of 4879.
7, 17, 41
List the prime factors of 510.
2, 3, 5, 17
List the prime factors of 20720.
2, 5, 7, 37
List the prime factors of 65160.
2, 3, 5, 181
List the prime factors of 44134.
2, 22067
List the prime factors of 296.
2, 37
What are the prime factors of 1138?
2, 569
What are the prime factors of 58249?
31, 1879
List the prime factors of 671.
11, 61
What are the prime factors of 644?
2, 7, 23
List the prime factors of 98677.
101, 977
What are the prime factors of 17843?
7, 2549
What are the prime factors of 19799?
13, 1523
List the prime factors of 1736.
2, 7, 31
What are the prime factors of 34028?
2, 47, 181
What are the prime factors of 11680?
2, 5, 73
What are the prime factors of 88893?
3, 7, 17, 83
What are the prime factors of 15423?
3, 53, 97
What are the prime factors of 296?
2, 37
List the prime factors of 64274.
2, 7, 4591
List the prime factors of 21687.
3, 7229
What are the prime factors of 72619?
101, 719
List the prime factors of 5564.
2, 13, 107
List the prime factors of 219.
3, 73
List the prime factors of 23528.
2, 17, 173
List the prime factors of 742.
2, 7, 53
What are the prime factors of 395?
5, 79
What are the prime factors of 36229?
36229
What are the prime factors of 2895?
3, 5, 193
What are the prime factors of 18580?
2, 5, 929
What are the prime factors of 1728?
2, 3
What are the prime factors of 20969?
13, 1613
What are the prime factors of 3519?
3, 17, 23
List the prime factors of 731.
17, 43
List the prime factors of 895.
5, 179
List the prime factors of 666.
2, 3, 37
What are the prime factors of 3563?
7, 509
List the prime factors of 24314.
2, 12157
List the prime factors of 2583.
3, 7, 41
What are the prime factors of 55354?
2, 13, 2129
List the prime factors of 21628.
2, 5407
List the prime factors of 43.
43
What are the prime factors of 8129?
11, 739
What are the prime factors of 16774?
2, 8387
What are the prime factors of 8057?
7, 1151
List the prime factors of 1087.
1087
List the prime factors of 28416.
2, 3, 37
What are the prime factors of 3366?
2, 3, 11, 17
What are the prime factors of 792?
2, 3, 11
List the prime factors of 9888.
2, 3, 103
What are the prime factors of 7357?
7, 1051
List the prime factors of 23727.
3, 11, 719
List the prime factors of 21686.
2, 7, 1549
List the prime factors of 6524.
2, 7, 233
What are the prime factors of 2294?
2, 31, 37
What are the prime factors of 48320?
2, 5, 151
What are the prime factors of 39624?
2, 3, 13, 127
What are the prime factors of 5592?
2, 3, 233
What are the prime factors of 829?
829
List the prime factors of 24071.
24071
What are the prime factors of 2039?
2039
What are the prime factors of 408?
2, 3, 17
What are the prime factors of 2854?
2, 1427
What are the prime factors of 14925?
3, 5, 199
List the prime factors of 785.
5, 157
List the prime factors of 2060.
2, 5, 103
List the prime factors of 1200.
2, 3, 5
What are the prime factors of 2349?
3, 29
List the prime factors of 50463.
3, 7, 89
What are the prime factors of 2098?
2, 1049
List the prime factors of 24141.
3, 13, 619
List the prime factors of 44373.
3, 7, 2113
What are the prime factors of 1010?
2, 5, 101
What are the prime factors of 741?
3, 13, 19
List the prime factors of 636.
2, 3, 53
List the prime factors of 31503.
3, 10501
List the prime factors of 8993.
17, 23
List the prime factors of 27309.
3, 9103
What are the prime factors of 41212?
2, 10303
What are the prime factors of 154572?
2, 3, 11, 1171
What are the prime factors of 193?
193
List the prime factors of 202.
2, 101
What are the prime factors of 39068?
2, 9767
List the prime factors of 8395.
5, 23, 73
What are the prime factors of 49398?
2, 3, 8233
List the prime factors of 388.
2, 97
List the prime factors of 4202.
2, 11, 191
List the prime factors of 93817.
23, 4079
What are the prime factors of 865?
5, 173
What are the prime factors of 894?
2, 3, 149
What are the prime factors of 6383?
13, 491
What are the prime factors of 1761?
3, 587
What are the prime factors of 3023?
3023
What are the prime factors of 3355?
5, 11, 61
List the prime factors of 21184.
2, 331
List the prime factors of 151092.
2, 3, 1399
List the prime factors of 18452.
2, 7, 659
What are the prime factors of 1631?
7, 233
What are the prime factors of 65222?
2, 32611
List the prime factors of 658.
2, 7, 47
What are the prime factors of 41760?
2, 3, 5, 29
What are the prime factors of 379?
379
List the prime factors of 86531.
86531
What are the prime factors of 5567?
19, 293
What are the prime factors of 637?
7, 13
List the prime factors of 57233.
11, 43
What are the prime factors of 12321?
3, 37
List the prime factors of 1936.
2, 11
What are the prime factors of 672?
2, 3, 7
What are the prime factors of 155745?
3, 5, 3461
List the prime factors of 869.
11, 79
List the prime factors of 80359.
17, 29, 163
List the prime factors of 13977.
3, 1553
List the prime factors of 64.
2
List the prime factors of 438.
2, 3, 73
What are the prime factors of 1329?
3, 443
What are the prime factors of 3736?
2, 467
What are the prime factors of 9993?
3, 3331
What are the prime factors of 235?
5, 47
What are the prime factors of 445?
5, 89
What are the prime factors of 14008?
2, 17, 103
What are the prime factors of 1091?
1091
List the prime factors of 16704.
2, 3, 29
What are the prime factors of 836?
2, 11, 19
What are the prime factors of 3693?
3, 1231
What are the prime factors of 139?
139
List the prime factors of 153638.
2, 76819
What are the prime factors of 1125?
3, 5
What are the prime factors of 814?
2, 11, 37
List the prime factors of 11828.
2, 2957
What are the prime factors of 25492?
2, 6373
List the prime factors of 9021.
3, 31, 97
What are the prime factors of 39056?
2, 2441
List the prime factors of 56589.
3, 13, 1451
What are the prime factors of 421?
421
What are the prime factors of 22125?
3, 5, 59
What are the prime factors of 1320?
2, 3, 5, 11
List the prime factors of 3852.
2, 3, 107
What are the prime factors of 1217?
1217
List the prime factors of 885.
3, 5, 59
List the prime factors of 2050.
2, 5, 41
List the prime factors of 8828.
2, 2207
What are the prime factors of 839?
839
List the prime factors of 1459.
1459
What are the prime factors of 2626?
2, 13, 101
List the prime factors of 84460.
2, 5, 41, 103
List the prime factors of 7113.
3, 2371
What are the prime factors of 15717?
3, 13, 31
What are the prime factors of 622?
2, 311
What are the prime factors of 76503?
3, 7, 3643
What are the prime factors of 34688?
2, 271
What are the prime factors of 63126?
2, 3, 7, 167
List the prime factors of 546.
2, 3, 7, 13
List the prime factors of 56435.
5, 11287
What are the prime factors of 17736?
2, 3, 739
What are the prime factors of 13584?
2, 3, 283
List the prime factors of 396.
2, 3, 11
What are the prime factors of 2108?
2, 17, 31
List the prime factors of 22957.
11, 2087
List the prime factors of 4686.
2, 3, 11, 71
List the prime factors of 6768.
2, 3, 47
List the prime factors of 52328.
2, 31, 211
What are the prime factors of 34949?
34949
What are the prime factors of 13926?
2, 3, 11, 211
List the prime fact